{"id":103,"date":"2022-08-19T22:41:40","date_gmt":"2022-08-19T22:41:40","guid":{"rendered":"https:\/\/kompiuteriu-kursai.lt\/?page_id=103"},"modified":"2024-02-29T22:04:57","modified_gmt":"2024-02-29T19:04:57","slug":"kontaktai","status":"publish","type":"page","link":"https:\/\/kompiuteriu-kursai.lt\/?page_id=103","title":{"rendered":"kontaktai"},"content":{"rendered":"\n<div class=\"wp-block-columns is-layout-flex wp-container-core-columns-is-layout-9d6595d7 wp-block-columns-is-layout-flex\">\n<div class=\"wp-block-column is-vertically-aligned-top is-layout-flow wp-block-column-is-layout-flow\" style=\"flex-basis:33.33%\">\n<p><br><strong>Adresas<\/strong><br>Verki\u0173 g. 31C, Vilnius 09108<br><br><strong>Telefono numeris<\/strong><br>+370 600 44&nbsp;785<br><br><strong>El. pa\u0161tas<\/strong><br><a href=\"mailto:mokymai@nkkm.lt\">mokymai@nkkm.lt<\/a><br><br><strong>Darbo laikas<\/strong><br>I-V: 8.00 \u2013 16.00<\/p>\n<\/div>\n\n\n\n<div class=\"wp-block-column is-vertically-aligned-bottom is-layout-flow wp-block-column-is-layout-flow\" style=\"flex-basis:66.66%\">\n<p><br><strong>Kaip mus rasti?<\/strong><br><br>NKKM klas\u0117s yra \u012fsik\u016brusios \u017dirm\u016bn\u0173 mikrorajone \u201eOgmios mieste\u201d \u2013 PC \u201eOutlet park\u201c pastato 2 auk\u0161te, \u201eLaisvalaikio terasoje\u201c. NKKM kompiuteri\u0173 mokyklos patalp\u0173 numeris \u2013 21.<br><br>Rekomenduojame naudotis trumpesniu \u012f\u0117jimu D1, kuris yra i\u0161 Lak\u016bn\u0173 gatv\u0117s pus\u0117s. \u012e\u0117j\u0119 pro duris D1, pakilkite laiptais \u012f 2 auk\u0161t\u0105, pasukite \u012f de\u0161in\u0119 ir i\u0161kart rasite NKKM kompiuteri\u0173 mokykl\u0105.<br><br>Patekti \u012f NKKM patalpas galima ir i\u0161 \u0160eimos aik\u0161t\u0117s pus\u0117s. At\u0117j\u0119 ar atva\u017eiav\u0119 iki PC \u201eOutlet park\u201c susiraskite \u012f\u0117jim\u0105 B1, u\u017elipkite \u012f 2 auk\u0161t\u0105 ir ilgu koridoriumi eikite iki galo, pasukite de\u0161in\u0117n ir tada v\u0117l ilgu koridoriumi iki 21 numeriu pa\u017eym\u0117t\u0173 NKKM patalp\u0173.<\/p>\n<\/div>\n<\/div>\n\n\n\n<p><\/p>\n\n\n\n<div class=\"wp-block-emgb-map\"><iframe src=\"https:\/\/maps.google.com\/maps?q=Vilnius%2C+Verki%C5%B3+31C&amp;z=16&amp;t=m&amp;output=embed\" style=\"border:0;height:300px;width:100%\" class=\"emb__height_5202b457\" title=\"Vilnius, Verki\u0173 31C\"><\/iframe><\/div>\n\n\n\n<p><\/p>\n","protected":false},"excerpt":{"rendered":"<p>AdresasVerki\u0173 g. 31C, Vilnius 09108 Telefono numeris+370 600 44&nbsp;785 El. pa\u0161tasmokymai@nkkm.lt Darbo laikasI-V: 8.00 \u2013 16.00 Kaip mus rasti? NKKM klas\u0117s yra \u012fsik\u016brusios \u017dirm\u016bn\u0173 mikrorajone \u201eOgmios mieste\u201d \u2013 PC \u201eOutlet park\u201c pastato 2 auk\u0161te, \u201eLaisvalaikio terasoje\u201c. NKKM kompiuteri\u0173 mokyklos patalp\u0173 numeris \u2013 21. Rekomenduojame naudotis trumpesniu \u012f\u0117jimu D1, kuris yra i\u0161 Lak\u016bn\u0173 gatv\u0117s pus\u0117s. \u012e\u0117j\u0119 [&hellip;]<\/p>\n","protected":false},"author":1,"featured_media":0,"parent":0,"menu_order":0,"comment_status":"closed","ping_status":"closed","template":"","meta":{"footnotes":""},"class_list":["post-103","page","type-page","status-publish","hentry"],"aioseo_notices":[],"_links":{"self":[{"href":"https:\/\/kompiuteriu-kursai.lt\/index.php?rest_route=\/wp\/v2\/pages\/103","targetHints":{"allow":["GET"]}}],"collection":[{"href":"https:\/\/kompiuteriu-kursai.lt\/index.php?rest_route=\/wp\/v2\/pages"}],"about":[{"href":"https:\/\/kompiuteriu-kursai.lt\/index.php?rest_route=\/wp\/v2\/types\/page"}],"author":[{"embeddable":true,"href":"https:\/\/kompiuteriu-kursai.lt\/index.php?rest_route=\/wp\/v2\/users\/1"}],"replies":[{"embeddable":true,"href":"https:\/\/kompiuteriu-kursai.lt\/index.php?rest_route=%2Fwp%2Fv2%2Fcomments&post=103"}],"version-history":[{"count":36,"href":"https:\/\/kompiuteriu-kursai.lt\/index.php?rest_route=\/wp\/v2\/pages\/103\/revisions"}],"predecessor-version":[{"id":4294,"href":"https:\/\/kompiuteriu-kursai.lt\/index.php?rest_route=\/wp\/v2\/pages\/103\/revisions\/4294"}],"wp:attachment":[{"href":"https:\/\/kompiuteriu-kursai.lt\/index.php?rest_route=%2Fwp%2Fv2%2Fmedia&parent=103"}],"curies":[{"name":"wp","href":"https:\/\/api.w.org\/{rel}","templated":true}]}}